
What is the remainder when 24159 is divided by 19?
10
What is the remainder when 137392 is divided by 129?
7
Calculate the remainder when 24393 is divided by 108.
93
Calculate the remainder when 7541 is divided by 15.
11
Calculate the remainder when 1652 is divided by 88.
68
Calculate the remainder when 535754 is divided by 17.
16
What is the remainder when 227938 is divided by 31?
26
What is the remainder when 260324 is divided by 132?
20
Calculate the remainder when 2686 is divided by 55.
46
What is the remainder when 286790 is divided by 12?
2
Calculate the remainder when 6182 is divided by 111.
77
What is the remainder when 9790 is divided by 426?
418
Calculate the remainder when 113554 is divided by 50.
4
Calculate the remainder when 3193 is divided by 1380.
433
Calculate the remainder when 154310 is divided by 173.
167
What is the remainder when 4780 is divided by 1189?
24
What is the remainder when 520272 is divided by 1291?
1290
What is the remainder when 51185 is divided by 69?
56
What is the remainder when 65835 is divided by 243?
225
Calculate the remainder when 4025 is divided by 77.
21
What is the remainder when 26887 is divided by 228?
211
Calculate the remainder when 97879 is divided by 218.
215
What is the remainder when 1291 is divided by 49?
17
Calculate the remainder when 8192 is divided by 6.
2
Calculate the remainder when 27722 is divided by 289.
267
Calculate the remainder when 46455 is divided by 132.
123
Calculate the remainder when 607127 is divided by 12.
11
Calculate the remainder when 59138 is divided by 5.
3
Calculate the remainder when 3307 is divided by 650.
57
Calculate the remainder when 24530 is divided by 423.
419
Calculate the remainder when 74056 is divided by 10578.
10
What is the remainder when 128243 is divided by 717?
617
What is the remainder when 91471 is divided by 25?
21
Calculate the remainder when 1103 is divided by 224.
207
Calculate the remainder when 57166 is divided by 794.
792
What is the remainder when 250338 is divided by 36?
30
What is the remainder when 830586 is divided by 43?
41
What is the remainder when 5928 is divided by 45?
33
Calculate the remainder when 2470 is divided by 576.
166
Calculate the remainder when 9348 is divided by 269.
202
What is the remainder when 5975 is divided by 1697?
884
What is the remainder when 3222 is divided by 619?
127
What is the remainder when 141208 is divided by 153?
142
Calculate the remainder when 2027 is divided by 1366.
661
What is the remainder when 85683 is divided by 71?
57
What is the remainder when 3888 is divided by 656?
608
What is the remainder when 341 is divided by 116?
109
Calculate the remainder when 1241 is divided by 186.
125
What is the remainder when 3906 is divided by 51?
30
Calculate the remainder when 327 is divided by 217.
110
What is the remainder when 3578334 is divided by 81?
78
What is the remainder when 1615 is divided by 183?
151
What is the remainder when 25421 is divided by 25394?
27
Calculate the remainder when 25930 is divided by 198.
190
What is the remainder when 15811 is divided by 894?
613
What is the remainder when 4525 is divided by 210?
115
What is the remainder when 3895 is divided by 2354?
1541
What is the remainder when 2599 is divided by 628?
87
What is the remainder when 22177 is divided by 1309?
1233
Calculate the remainder when 2578 is divided by 1275.
28
Calculate the remainder when 1995 is divided by 968.
59
Calculate the remainder when 620 is divided by 40.
20
Calculate the remainder when 45053 is divided by 117.
8
Calculate the remainder when 486998 is divided by 312.
278
What is the remainder when 205837 is divided by 24?
13
What is the remainder when 5769 is divided by 2871?
27
What is the remainder when 1257 is divided by 126?
123
What is the remainder when 218086 is divided by 58?
6
What is the remainder when 33433 is divided by 6612?
373
Calculate the remainder when 3224882 is divided by 26.
24
What is the remainder when 35648 is divided by 10?
8
What is the remainder when 329196 is divided by 762?
12
Calculate the remainder when 85462 is divided by 1.
0
What is the remainder when 1107 is divided by 247?
119
What is the remainder when 7356 is divided by 11?
8
What is the remainder when 159947 is divided by 28?
11
What is the remainder when 13860 is divided by 6920?
20
Calculate the remainder when 13301 is divided by 129.
14
What is the remainder when 308464 is divided by 8?
0
What is the remainder when 1829782 is divided by 8?
6
Calculate the remainder when 52194 is divided by 40.
34
What is the remainder when 1063 is divided by 22?
7
Calculate the remainder when 5232 is divided by 867.
30
What is the remainder when 64464 is divided by 158?
0
What is the remainder when 9791 is divided by 576?
575
Calculate the remainder when 161459 is divided by 135.
134
What is the remainder when 4940 is divided by 279?
197
What is the remainder when 194469 is divided by 80?
69
What is the remainder when 2678 is divided by 236?
82
What is the remainder when 30384 is divided by 3376?
0
What is the remainder when 154731 is divided by 77365?
1
Calculate the remainder when 33557 is divided by 60.
17
What is the remainder when 3870 is divided by 15?
0
Calculate the remainder when 26903 is divided by 491.
389
Calculate the remainder when 9851 is divided by 32.
27
What is the remainder when 44518 is divided by 22?
12
Calculate the remainder when 120847 is divided by 7.
6
Calculate the remainder when 35494 is divided by 5892.
142
What is the remainder when 36312 is divided by 26?
16
Calculate the remainder when 172320 is divided by 35.
15
What is the remainder when 52962 is divided by 11?
8
What is the remainder when 146167 is divided by 440?
87
Calculate the remainder when 136708 is divided by 2734.
8
Calculate the remainder when 2025 is divided by 1983.
42
What is the remainder when 1698 is divided by 799?
100
What is the remainder when 10229 is divided by 679?
44
Calculate the remainder when 26028 is divided by 5186.
98
What is the remainder when 12862715 is divided by 2012?
2011
Calculate the remainder when 2676 is divided by 302.
260
What is the remainder when 10643 is divided by 1967?
808
What is the remainder when 24993 is divided by 2524?
2277
What is the remainder when 6516 is divided by 6275?
241
What is the remainder when 10212 is divided by 638?
4
What is the remainder when 28954 is divided by 3924?
1486
What is the remainder when 1823080 is divided by 933?
931
What is the remainder when 47975 is divided by 46?
43
Calculate the remainder when 472 is divided by 423.
49
Calculate the remainder when 4643 is divided by 304.
83
What is the remainder when 10942 is divided by 595?
232
What is the remainder when 20795 is divided by 718?
691
Calculate the remainder when 10227 is divided by 3392.
51
What is the remainder when 5824 is divided by 62?
58
What is the remainder when 819161 is divided by 273047?
20
Calculate the remainder when 2120 is divided by 233.
23
Calculate the remainder when 22910 is divided by 21.
20
What is the remainder when 6585 is divided by 212?
13
What is the remainder when 28760 is divided by 274?
264
What is the remainder when 1267 is divided by 56?
35
Calculate the remainder when 34505 is divided by 103.
0
Calculate the remainder when 4994 is divided by 132.
110
What is the remainder when 1248 is divided by 606?
36
What is the remainder when 1157 is divided by 192?
5
Calculate the remainder when 49285 is divided by 9832.
125
Calculate the remainder when 3316 is divided by 1065.
121
What is the remainder when 1412 is divided by 131?
102
Calculate the remainder when 637 is divided by 56.
21
Calculate the remainder when 833261 is divided by 19.
16
Calculate the remainder when 183352 is divided by 549.
535
What is the remainder when 1156063 is divided by 555?
553
Calculate the remainder when 2198 is divided by 2198.
0
Calculate the remainder when 114197 is divided by 270.
257
What is the remainder when 1038007 is divided by 152?
151
Calculate the remainder when 273098 is divided by 208.
202
Calculate the remainder when 408506 is divided by 95.
6
Calculate the remainder when 63614 is divided by 777.
677
Calculate the remainder when 90107 is divided by 45047.
13
Calculate the remainder wh